ctor of 24 and k?
8
Let x be (8/(-6) + 1)*0. Suppose 6*g - 11*g + 10 = x. Calculate the greatest common factor of g and 16.
2
Let p = 0 + 3. Let g = 27 - 14. Let w = g - p. What is the greatest common divisor of 30 and w?
10
Let t be 1*2 - (-4 + 2). Let q be 600/42 + t/(-14). Let r(u) = 31*u**2 - 2*u - 2. Let o be r(-2). Calculate the greatest common divisor of q and o.
14
Let y = -108 + 148. Let h be 1 - (-18)/(2 + 0). Calculate the highest common factor of y and h.
10
Let c(z) = -2*z - 2. Let k be c(-2). Let f be (-8)/(-1) - (k + -2). Calculate the greatest common factor of f and 1.
1
Suppose -4*k + 299 = 11. What is the highest common factor of k and 18?
18
Suppose -54 = -h - 3*m, 4*h + 3*m = 5*m + 202. Let d(o) = 1 + 17*o**2 - 1. Let s be d(-1). Calculate the highest common divisor of s and h.
17
Let z(l) = l**3 - 10*l**2 + 14*l - 6. Let v be z(9). Let q be (-2 - (-22)/6)*v. Calculate the highest common divisor of 26 and q.
13
Let x be 3*10*(-4)/(-10). Suppose 0*z + x = 4*z. What is the highest common divisor of z and 24?
3
Suppose -10*k = -12*k - 26. Let i be 4/(-12) - k/3. Let x be -1 - -1 - (-31 - 1). What is the greatest common divisor of i and x?
4
Let v = -6 + 8. Suppose 0 = -v*s + 7 + 11. What is the highest common factor of 99 and s?
9
Let a be (-3)/(6/(-20)) - -2. Let f = 18 - a. Let k(i) = -i**3 + 6*i**2 + i + 6. Let d be k(f). Calculate the highest common divisor of d and 60.
12
Let b be 241 + 1 + (3 - 2). Let g be (-26)/(-39) - (-2)/(-3). Suppose -3*h + b + 132 = g. Calculate the highest common divisor of 25 and h.
25
Suppose -3*x = -x - 18. Let d(u) = 3*u - 8. Let r be d(4). Let k(l) = 2*l**3 - 4*l**2 - 6*l + 5. Let i be k(r). Calculate the greatest common factor of i and x.
9
Suppose 5*f - 16 = d + 2, 5*f = 3*d + 14. What is the highest common factor of 20 and f?
4
Let z(t) = 5*t**2 + 2*t + 1. Let i be z(-1). Let v = i + 4. Calculate the greatest common factor of 24 and v.
8
Let u(f) = f - 1. Let j be u(6). Suppose 2*k - 4*h = -4, -j*k - 2*h = 3*h - 65. Calculate the greatest common factor of 16 and k.
8
Let u = 85 + -60. Calculate the highest common divisor of u and 5.
5
Let t(o) = o**3 + 6*o**2 - 7*o + 7. Let n be t(-7). Calculate the highest common factor of 7 and n.
7
Suppose 2*d - 7 = -1. Let f be ((-6)/(-3))/(2/d). Let z be f + -3 - 3*-3. What is the highest common divisor of z and 81?
9
Suppose 6 - 26 = -4*b. Suppose -143 = -4*p - o, -3*o = -b*p + o + 184. What is the highest common divisor of p and 9?
9
Let w(u) = -12*u + 2. Let h be w(3). Let q = h - -70. Let t be -25*(2 - 28/5). What is the highest common divisor of q and t?
18
Let p = 24 + -9. What is the highest common divisor of p and 10?
5
Suppose -2*t + k - 3*k = -14, -3*t + 16 = 4*k. Calculate the greatest common divisor of t and 60.
12
Suppose 5*x = -7*x + 156. What is the greatest common factor of 26 and x?
13
Let b = 230 - 146. Calculate the greatest common divisor of 28 and b.
28
Suppose 60 = 3*r - 36. Let c(q) = q + 7. Let d be c(0). Let y = d + 1. Calculate the highest common factor of y and r.
8
Let z be (-2)/6 + (-16)/6. Let n(o) = -2*o**3 - o**2 + 4*o - 1. Let l be n(z). Let s = l + -23. What is the highest common divisor of s and 45?
9
Let c(b) = 0*b**3 - b**3 + 2*b**2 + 3*b + 1 - 3*b**2. Let a be c(-3). Suppose y + a = 5*u, 5*y - 3*u - 38 = -0. What is the highest common factor of y and 5?
5
Suppose -4*v - 12 = -6*v. What is the greatest common factor of 15 and v?
3
Suppose 4*x = -5*f + 445, 0 = 4*x + f - 0*f - 441. Calculate the highest common divisor of 10 and x.
10
Suppose 66 = 4*f - 3*y, -3*y - 2*y - 55 = -3*f. Suppose f = g + 4. What is the greatest common divisor of g and 22?
11
Suppose 809 = -2*y + 4*y - a, 0 = -2*y - a + 819. What is the highest common divisor of y and 37?
37
Let z(o) be the second derivative of -o**3/2 - o**2/2 + 2*o. Let s be z(-4). What is the greatest common divisor of 55 and s?
11
Let c be 104/6 - 4/(-6). Let r(y) = -3 + 6 - y - 2*y. Let j be r(-3). What is the highest common factor of j and c?
6
Let c(t) = -17*t - 15. Let p be c(-3). Calculate the greatest common factor of p and 9.
9
Let s be 248/5 - 4/(-10). Suppose -3*i - 4*l = s, 3*l = -5*i - 0*l - 65. Let y(t) = -2*t + 4. Let o be y(i). Calculate the greatest common divisor of 36 and o.
12
Let h(u) = -2*u + u**2 - 6 - 2*u + 7*u. Let r be h(6). What is the highest common divisor of 12 and r?
12
Let a = 7 + -2. Suppose -10*y = -a*y - 5. What is the greatest common factor of 7 and y?
1
Let k(p) = 20*p**2 - 2*p - 1. Suppose 3*q + 2 + 1 = 0. Let d be k(q). Calculate the greatest common factor of d and 105.
21
Let x(m) = 6*m**2 - 1. Let p be x(-1). Suppose -3*v - 2*v + 100 = 0. What is the greatest common factor of p and v?
5
Let b be 64/11 + 2/11. Suppose 2*s = -2*s + 4, -5*q = -s - 19. What is the greatest common divisor of b and q?
2
Let s be (-928)/(-22) + 8/(-44). Suppose -v - v + s = 0. Calculate the highest common divisor of 84 and v.
21
Suppose -3*n - 4*v + 256 = -138, 2*n = 2*v + 244. What is the greatest common divisor of n and 14?
14
Suppose 0 = -x - 5*r + 12, 4*x - 3*r + 3 + 41 = 0. Let l be x/6*30/(-4). Calculate the greatest common factor of 90 and l.
10
Let w be 4/6 + (-762)/9. Let h = w - -141. What is the greatest common divisor of h and 19?
19
Let r = 72 + -22. Suppose 4*s + 5 = 29. Let q = s - -4. Calculate the greatest common factor of r and q.
10
Let d(w) = 56*w + 27. Let h be d(3). What is the highest common divisor of h and 78?
39
Let s(k) be the third derivative of -k**6/120 + k**5/15 + k**4/4 - k**3 - 7*k**2. Let f be s(4). Calculate the highest common factor of f and 2.
2
Suppose 9*r - r - 168 = 0. What is the greatest common divisor of r and 168?
21
Let n be -2 - (-3 + 1 + -13). Let s = -5 - n. Let j be (-310)/s + 10/(-45). What is the greatest common factor of 34 and j?
17
Let d(k) = 4*k - 7. Let f be d(8). Let w be (1 + -51)/((-4)/22). What is the greatest common factor of w and f?
25
Let y(d) = -d**2 - 14*d - 3. Let l be y(-13). Calculate the greatest common divisor of l and 50.
10
Let a be 13 + -1*(0 - -2). Suppose -154 = -3*c + c. What is the greatest common divisor of c and a?
11
Suppose -4 = -3*v + 2. Suppose v*y = 2*a - y + 5, 5*y = -2*a + 35. What is the greatest common factor of a and 30?
5
Let n = 66 + -49. What is the greatest common divisor of n and 187?
17
Let m = -33 + 66. Calculate the greatest common factor of 22 and m.
11
Let v(m) = 5*m + 34. Let h be v(-5). What is the highest common divisor of 6 and h?
3
Suppose 5*q + 2*x + 3*x = 0, -5*q = -4*x. Suppose -a + 5*c + 1 + 1 = q, 2*c = 4*a - 26. Calculate the highest common divisor of 56 and a.
7
Let z(w) = -w**2 - 4*w + 3. Let p be z(-3). Suppose o = p*d - d + 12, 3*o + 5*d = 16. Let f = -1 + o. What is the highest common factor of f and 3?
3
Suppose 5*j = -3*t + 130, 3*j + 4*t = -0*j + 78. Calculate the highest common divisor of j and 39.
13
Let p(s) = -3 + 5 - 2*s + 79*s**2 - 3. Let a be p(-1). Let v be -2 + (a - 1/1). Calculate the highest common divisor of 11 and v.
11
Suppose 6 = -2*k + 14, -4*k + 466 = 2*r. Calculate the highest common factor of 15 and r.
15
Let o(w) = w**2 + 3. Let c be o(-4). Calculate the greatest common divisor of c and 209.
19
Let i = 28 + 4. What is the greatest common divisor of 4 and i?
4
Suppose a - 42 = -a. Suppose -a = -3*t + 3*c, 12 = -t - 4*c + 34. Let d be (-201)/(-5) - 2/t. What is the greatest common divisor of 8 and d?
8
Suppose -4 = 5*z + 6. Let p be (-15)/z*36/10. What is the greatest common divisor of 3 and p?
3
Let l(k) be the second derivative of k**5/20 + 2*k**4/3 - 11*k**3/6 + k**2 + 3*k. Let i be l(-9). Calculate the greatest common factor of 5 and i.
5
Suppose 44 = 3*a - 28. Suppose 0*n + a = 3*n. Suppose 56 = -s + 2*s. Calculate the greatest common divisor of n and s.
8
Suppose -17 = -m + 23. Let d(h) = -2*h - 1. Let u be d(-2). Suppose -k = u*k - 64. What is the highest common divisor of m and k?
8
Let k(q) = q + 16. Let t be k(-9). Let h(c) = c + 2. Let u be h(t). Suppose -61 = -5*y + u. What is the highest common divisor of y and 21?
7
Let b = -31 + 39. Calculate the greatest common factor of b and 2.
2
Let i be 344/4 + -3 + 2. Suppose -i = -4*o - o + k, -2*k - 10 = 0. Let j(w) = 60*w - 4. Let b be j(3). Calculate the gre